hen 18052 is divided by 129.
121
Calculate the remainder when 2084 is divided by 207.
14
Calculate the remainder when 8159 is divided by 81.
59
What is the remainder when 1764 is divided by 511?
231
Calculate the remainder when 333 is divided by 112.
109
What is the remainder when 6589 is divided by 1582?
261
Calculate the remainder when 11098 is divided by 1849.
4
What is the remainder when 38530 is divided by 89?
82
What is the remainder when 4044 is divided by 1319?
87
What is the remainder when 527 is divided by 117?
59
Calculate the remainder when 1821 is divided by 911.
910
What is the remainder when 4821283 is divided by 119?
117
What is the remainder when 3464 is divided by 281?
92
What is the remainder when 17463 is divided by 16?
7
What is the remainder when 4487 is divided by 76?
3
Calculate the remainder when 3085 is divided by 1480.
125
Calculate the remainder when 202428 is divided by 94.
46
What is the remainder when 1958 is divided by 739?
480
What is the remainder when 51347 is divided by 1047?
44
Calculate the remainder when 7531 is divided by 311.
67
What is the remainder when 29475 is divided by 5893?
10
Calculate the remainder when 73444 is divided by 208.
20
What is the remainder when 5962 is divided by 1484?
26
Calculate the remainder when 10457 is divided by 2192.
1689
Calculate the remainder when 100297 is divided by 118.
115
What is the remainder when 3181 is divided by 1060?
1
What is the remainder when 631 is divided by 452?
179
Calculate the remainder when 44623 is divided by 136.
15
What is the remainder when 4757 is divided by 67?
0
What is the remainder when 22136 is divided by 123?
119
What is the remainder when 512455 is divided by 703?
671
Calculate the remainder when 20179 is divided by 67.
12
Calculate the remainder when 21230 is divided by 276.
254
Calculate the remainder when 1377 is divided by 268.
37
What is the remainder when 74618 is divided by 330?
38
What is the remainder when 23099 is divided by 111?
11
Calculate the remainder when 211862 is divided by 284.
282
What is the remainder when 15673 is divided by 681?
10
What is the remainder when 63095 is divided by 89?
83
What is the remainder when 14029 is divided by 58?
51
Calculate the remainder when 1016 is divided by 114.
104
What is the remainder when 176177 is divided by 383?
380
Calculate the remainder when 1857 is divided by 339.
162
What is the remainder when 2400499 is divided by 10?
9
What is the remainder when 84138 is divided by 25?
13
What is the remainder when 5688 is divided by 5670?
18
What is the remainder when 20974798 is divided by 681?
679
What is the remainder when 39292 is divided by 1959?
112
Calculate the remainder when 4928 is divided by 56.
0
What is the remainder when 3260 is divided by 714?
404
Calculate the remainder when 19953 is divided by 4.
1
Calculate the remainder when 1960 is divided by 14.
0
Calculate the remainder when 30759 is divided by 38.
17
What is the remainder when 12368 is divided by 1374?
2
What is the remainder when 139223 is divided by 134?
131
What is the remainder when 24969 is divided by 120?
9
Calculate the remainder when 68129 is divided by 30.
29
Calculate the remainder when 19919 is divided by 4975.
19
What is the remainder when 8244 is divided by 3777?
690
What is the remainder when 5691 is divided by 60?
51
Calculate the remainder when 6998 is divided by 381.
140
Calculate the remainder when 38975 is divided by 42.
41
What is the remainder when 186121 is divided by 25?
21
Calculate the remainder when 238074 is divided by 93.
87
Calculate the remainder when 25568 is divided by 12.
8
Calculate the remainder when 11081 is divided by 144.
137
Calculate the remainder when 1015 is divided by 328.
31
Calculate the remainder when 6795 is divided by 139.
123
What is the remainder when 178249 is divided by 261?
247
Calculate the remainder when 2831 is divided by 602.
423
Calculate the remainder when 14904 is divided by 14890.
14
Calculate the remainder when 123302 is divided by 35.
32
What is the remainder when 54241 is divided by 32?
1
What is the remainder when 8059 is divided by 22?
7
Calculate the remainder when 6708 is divided by 137.
132
Calculate the remainder when 20908 is divided by 535.
43
Calculate the remainder when 739454 is divided by 246482.
8
What is the remainder when 8993 is divided by 6?
5
What is the remainder when 62490 is divided by 88?
10
Calculate the remainder when 70025 is divided by 2918.
2911
What is the remainder when 221411 is divided by 12300?
11
What is the remainder when 2270 is divided by 161?
16
Calculate the remainder when 8219 is divided by 484.
475
Calculate the remainder when 11826 is divided by 3933.
27
Calculate the remainder when 13815 is divided by 94.
91
Calculate the remainder when 25332 is divided by 25311.
21
Calculate the remainder when 16865 is divided by 196.
9
What is the remainder when 185777 is divided by 6406?
3
Calculate the remainder when 15798 is divided by 79.
77
Calculate the remainder when 525181 is divided by 22.
19
What is the remainder when 29349 is divided by 12?
9
What is the remainder when 13337 is divided by 62?
7
What is the remainder when 523391 is divided by 188?
187
What is the remainder when 55998 is divided by 9329?
24
What is the remainder when 1654 is divided by 1541?
113
What is the remainder when 66627 is divided by 13311?
72
Calculate the remainder when 6069 is divided by 36.
21
What is the remainder when 6266 is divided by 523?
513
Calculate the remainder when 115291 is divided by 164.
163
What is the remainder when 1266314 is divided by 18?
14
Calculate the remainder when 10961 is divided by 91.
41
Calculate the remainder when 2254 is divided by 472.
366
What is the remainder when 764 is divided by 665?
99
What is the remainder when 483421 is divided by 112?
29
What is the remainder when 21234 is divided by 2066?
574
What is the remainder when 1927994 is divided by 328?
10
What is the remainder when 25691 is divided by 194?
83
What is the remainder when 83336 is divided by 166?
4
What is the remainder when 249799 is divided by 14?
11
What is the remainder when 3082 is divided by 20?
2
Calculate the remainder when 515926 is divided by 12.
10
Calculate the remainder when 2039 is divided by 1793.
246
What is the remainder when 67466 is divided by 17?
10
Calculate the remainder when 1097 is divided by 209.
52
Calculate the remainder when 14228 is divided by 43.
38
What is the remainder when 40390 is divided by 84?
70
What is the remainder when 1144 is divided by 221?
39
What is the remainder when 55339 is divided by 170?
89
What is the remainder when 20584 is divided by 70?
4
What is the remainder when 4983 is divided by 356?
355
Calculate the remainder when 2081429 is divided by 13.
12
Calculate the remainder when 712 is divided by 24.
16
Calculate the remainder when 4892 is divided by 307.
287
What is the remainder when 3581 is divided by 3557?
24
Calculate the remainder when 5578 is divided by 1030.
428
Calculate the remainder when 842 is divided by 98.
58
What is the remainder when 313180 is divided by 52195?
10
Calculate the remainder when 982 is divided by 72.
46
What is the remainder when 90323 is divided by 710?
153
Calculate the remainder when 3636 is divided by 280.
276
Calculate the remainder when 1154 is divided by 564.
26
Calculate the remainder when 1609985 is divided by 72.
65
Calculate the remainder when 123938 is divided by 78.
74
Calculate the remainder when 6540 is divided by 2180.
0
Calculate the remainder when 28702 is divided by 3.
1
What is the remainder when 11573 is divided by 351?
341
What is the remainder when 720082 is divided by 90009?
10
What is the remainder when 142079 is divided by 28410?
29
What is the remainder when 2928 is divided by 84?
72
Calculate the remainder when 221155 is divided by 281.
8
What is the remainder when 13143 is divided by 124?
123
What is the remainder when 26359 is divided by 13145?
69
What is the remainder when 53973 is divided by 104?
101
Calculate the remainder when 49004 is divided by 165.
164
What is the remainder when 16791 is divided by 768?
663
Calculate the remainder when 17035 is divided by 649.
161
Calculate the remainder when 535 is divided by 517.
18
Cal